{"id":925,"date":"2020-05-08T18:24:43","date_gmt":"2020-05-08T21:24:43","guid":{"rendered":"http:\/\/mrklo.com.ar\/?page_id=925"},"modified":"2025-08-13T20:13:28","modified_gmt":"2025-08-13T23:13:28","slug":"principal","status":"publish","type":"page","link":"https:\/\/mrklo.com.ar\/","title":{"rendered":"Principal"},"content":{"rendered":"<p>[et_pb_section fb_built=\u00bb1&#8243; fullwidth=\u00bbon\u00bb admin_label=\u00bbSecci\u00f3n\u00bb _builder_version=\u00bb4.4.6&#8243;][\/et_pb_section][et_pb_section fb_built=\u00bb1&#8243; admin_label=\u00bbSecci\u00f3n\u00bb _builder_version=\u00bb4.4.6&#8243; background_image=\u00bbhttps:\/\/mrklo.com.ar\/wp-content\/uploads\/2020\/05\/53732002_414554982673007_424466850651759564_n.jpg\u00bb parallax=\u00bbon\u00bb min_height=\u00bb1342px\u00bb custom_margin=\u00bb-133px||-217px|||\u00bb custom_padding=\u00bb71px||0px|||\u00bb animation_style=\u00bbfade\u00bb][et_pb_row column_structure=\u00bb3_5,2_5&#8243; _builder_version=\u00bb4.4.6&#8243; min_height=\u00bb391px\u00bb custom_margin=\u00bb89px|auto|4px|auto|false|false\u00bb custom_padding=\u00bb0px||353px|||\u00bb][et_pb_column type=\u00bb3_5&#8243; _builder_version=\u00bb4.4.6&#8243;][et_pb_text _builder_version=\u00bb4.4.6&#8243; custom_padding=\u00bb107px|||||\u00bb]<\/p>\n<h4><span style=\"color: #ffcc00;\">Artista callejero \/ Payaso \/ Actor \/ Malabarista \/ Bailar\u00edn<\/span><\/h4>\n<p><span style=\"color: #ffcc00;\">Creador de Espect\u00e1culos Teatrales de Circo.<\/span><\/p>\n<p><span style=\"color: #ffcc00;\">Director de Espect\u00e1culos Infantiles<\/span><\/p>\n<p><span style=\"color: #ffcc00;\">Docente de Actuaci\u00f3n teatral \/ Instructor de Tango Danza<\/span><\/p>\n<p><span style=\"color: #ffcc00;\">Productor Independiente<\/span>[\/et_pb_text][et_pb_image src=\u00bbhttps:\/\/mrklo.com.ar\/wp-content\/uploads\/2020\/05\/logo5-300&#215;212.png\u00bb title_text=\u00bblogo5&#8243; admin_label=\u00bbImagen\u00bb _builder_version=\u00bb4.4.6&#8243; min_height=\u00bb208px\u00bb custom_padding=\u00bb0px||0px|||\u00bb animation_style=\u00bbzoom\u00bb][\/et_pb_image][\/et_pb_column][et_pb_column type=\u00bb2_5&#8243; _builder_version=\u00bb4.4.6&#8243;][\/et_pb_column][\/et_pb_row][\/et_pb_section][et_pb_section fb_built=\u00bb1&#8243; _builder_version=\u00bb4.4.6&#8243; background_color=\u00bb#000000&#8243; width=\u00bb100%\u00bb custom_padding=\u00bb0px|0px|0px|||\u00bb][et_pb_row column_structure=\u00bb1_2,1_2&#8243; make_equal=\u00bbon\u00bb _builder_version=\u00bb4.4.6&#8243; module_alignment=\u00bbcenter\u00bb min_height=\u00bb268px\u00bb custom_margin=\u00bb1px|33px|-2px|95px||\u00bb custom_padding=\u00bb5px|||||\u00bb][et_pb_column type=\u00bb1_2&#8243; _builder_version=\u00bb4.4.6&#8243; custom_padding=\u00bb266px||||false|false\u00bb][et_pb_accordion _builder_version=\u00bb4.4.6&#8243; min_height=\u00bb80px\u00bb custom_margin=\u00bb-265px||0px||false|false\u00bb link_option_url=\u00bbhttps:\/\/mrklo.com.ar\/?cat=3&#8243;][et_pb_accordion_item title=\u00bb  Pr\u00f3ximas presentaciones:\u00bb open=\u00bbon\u00bb _builder_version=\u00bb4.4.6&#8243; background_color=\u00bb#edf000&#8243; background_enable_color=\u00bbon\u00bb][\/et_pb_accordion_item][\/et_pb_accordion][et_pb_post_slider include_categories=\u00bb3&#8243; show_meta=\u00bboff\u00bb _builder_version=\u00bb4.4.6&#8243; background_enable_color=\u00bboff\u00bb background_image=\u00bbhttps:\/\/mrklo.com.ar\/wp-content\/uploads\/2024\/12\/photo_2024-12-27_16-35-55.jpg\u00bb width=\u00bb100%\u00bb min_height=\u00bb317px\u00bb custom_margin=\u00bb5px|-175px||0px||\u00bb custom_padding=\u00bb0px|0px|0px|||\u00bb hover_enabled=\u00bb0&#8243;][\/et_pb_post_slider][\/et_pb_column][et_pb_column type=\u00bb1_2&#8243; _builder_version=\u00bb4.4.6&#8243; custom_padding=\u00bb266px||||false|false\u00bb][et_pb_image src=\u00bbhttps:\/\/mrklo.com.ar\/wp-content\/uploads\/2024\/11\/la-paloma-2025.png\u00bb title_text=\u00bbla paloma 2025&#8243; url=\u00bb@ET-DC@eyJkeW5hbWljIjp0cnVlLCJjb250ZW50IjoicG9zdF9saW5rX3VybF9wb3N0Iiwic2V0dGluZ3MiOnsicG9zdF9pZCI6IjI0NjAifX0=@\u00bb align=\u00bbright\u00bb _builder_version=\u00bb4.4.6&#8243; _dynamic_attributes=\u00bburl\u00bb min_height=\u00bb198.7px\u00bb custom_margin=\u00bb-265px|||||\u00bb custom_padding=\u00bb0px|||||\u00bb][\/et_pb_image][\/et_pb_column][\/et_pb_row][\/et_pb_section][et_pb_section fb_built=\u00bb1&#8243; _builder_version=\u00bb4.4.6&#8243; background_color=\u00bbrgba(127,127,127,0.67)\u00bb background_image=\u00bbhttps:\/\/mrklo.com.ar\/wp-content\/uploads\/2020\/05\/aklskalksla_by_knives_penst-d5k3i9x.png\u00bb min_height=\u00bb337px\u00bb custom_margin=\u00bb-1px|||||\u00bb custom_padding=\u00bb56px||12px|||\u00bb][et_pb_row _builder_version=\u00bb4.4.6&#8243; custom_margin=\u00bb-25px|auto||auto||\u00bb custom_padding=\u00bb2px|||||\u00bb][et_pb_column type=\u00bb4_4&#8243; _builder_version=\u00bb4.4.6&#8243;][et_pb_slider _builder_version=\u00bb4.4.6&#8243; background_enable_image=\u00bboff\u00bb min_height=\u00bb390px\u00bb custom_margin=\u00bb||-8px|||\u00bb custom_padding=\u00bb0px|||||\u00bb animation_style=\u00bbfade\u00bb auto=\u00bbon\u00bb auto_speed=\u00bb3500&#8243; auto_ignore_hover=\u00bbon\u00bb][et_pb_slide button_link=\u00bb@ET-DC@eyJkeW5hbWljIjp0cnVlLCJjb250ZW50IjoicG9zdF9saW5rX3VybF9wcm9qZWN0Iiwic2V0dGluZ3MiOnsicG9zdF9pZCI6IjEzNDYifX0=@\u00bb _builder_version=\u00bb4.4.6&#8243; _dynamic_attributes=\u00bbbutton_link,link_option_url\u00bb header_text_color=\u00bbrgba(0,0,0,0)\u00bb body_text_color=\u00bbrgba(0,0,0,0)\u00bb background_image=\u00bbhttps:\/\/mrklo.com.ar\/wp-content\/uploads\/2020\/05\/Mister-KLO-Aire-Libre-2019-4.jpeg\u00bb background_enable_image=\u00bbon\u00bb custom_button=\u00bbon\u00bb button_text_size=\u00bb16px\u00bb button_text_color=\u00bbrgba(0,0,0,0)\u00bb link_option_url=\u00bb@ET-DC@eyJkeW5hbWljIjp0cnVlLCJjb250ZW50IjoicG9zdF9saW5rX3VybF9wcm9qZWN0Iiwic2V0dGluZ3MiOnsicG9zdF9pZCI6IjEzNDYifX0=@\u00bb][\/et_pb_slide][et_pb_slide heading=\u00bbEspect\u00e1culos\u00bb button_text=\u00bbIr\u00bb button_link=\u00bb@ET-DC@eyJkeW5hbWljIjp0cnVlLCJjb250ZW50IjoicG9zdF9saW5rX3VybF9wcm9qZWN0Iiwic2V0dGluZ3MiOnsicG9zdF9pZCI6IjEzNDYifX0=@\u00bb _builder_version=\u00bb4.4.6&#8243; _dynamic_attributes=\u00bbbutton_link,link_option_url\u00bb background_image=\u00bbhttps:\/\/mrklo.com.ar\/wp-content\/uploads\/2020\/05\/29744787_1568588563239329_8070689954767113458_o-1024&#215;576.jpg\u00bb background_enable_image=\u00bbon\u00bb custom_button=\u00bbon\u00bb button_text_size=\u00bb16px\u00bb link_option_url=\u00bb@ET-DC@eyJkeW5hbWljIjp0cnVlLCJjb250ZW50IjoicG9zdF9saW5rX3VybF9wcm9qZWN0Iiwic2V0dGluZ3MiOnsicG9zdF9pZCI6IjEzNDYifX0=@\u00bb]Para realizar en Festivales, Teatros, Anfiteatros, Escuelas, Carpas, Eventos y en escenarios al aire Libre.[\/et_pb_slide][et_pb_slide button_link=\u00bb@ET-DC@eyJkeW5hbWljIjp0cnVlLCJjb250ZW50IjoicG9zdF9saW5rX3VybF9wcm9qZWN0Iiwic2V0dGluZ3MiOnsicG9zdF9pZCI6IjEzNDYifX0=@\u00bb _builder_version=\u00bb4.4.6&#8243; _dynamic_attributes=\u00bbbutton_link,link_option_url\u00bb header_text_color=\u00bbrgba(0,0,0,0)\u00bb body_text_color=\u00bbrgba(0,0,0,0)\u00bb background_image=\u00bbhttps:\/\/mrklo.com.ar\/wp-content\/uploads\/2020\/05\/1.jpg\u00bb background_enable_image=\u00bbon\u00bb custom_button=\u00bbon\u00bb button_text_size=\u00bb16px\u00bb button_text_color=\u00bbrgba(0,0,0,0)\u00bb link_option_url=\u00bb@ET-DC@eyJkeW5hbWljIjp0cnVlLCJjb250ZW50IjoicG9zdF9saW5rX3VybF9wcm9qZWN0Iiwic2V0dGluZ3MiOnsicG9zdF9pZCI6IjEzNDYifX0=@\u00bb][\/et_pb_slide][et_pb_slide button_link=\u00bb@ET-DC@eyJkeW5hbWljIjp0cnVlLCJjb250ZW50IjoicG9zdF9saW5rX3VybF9wcm9qZWN0Iiwic2V0dGluZ3MiOnsicG9zdF9pZCI6IjEzNDYifX0=@\u00bb _builder_version=\u00bb4.4.6&#8243; _dynamic_attributes=\u00bbbutton_link,link_option_url\u00bb background_image=\u00bbhttps:\/\/mrklo.com.ar\/wp-content\/uploads\/2020\/05\/DSC_7987-1-1024&#215;714.jpg\u00bb background_enable_image=\u00bbon\u00bb custom_button=\u00bbon\u00bb button_text_size=\u00bb16px\u00bb link_option_url=\u00bb@ET-DC@eyJkeW5hbWljIjp0cnVlLCJjb250ZW50IjoicG9zdF9saW5rX3VybF9wcm9qZWN0Iiwic2V0dGluZ3MiOnsicG9zdF9pZCI6IjEzNDYifX0=@\u00bb][\/et_pb_slide][et_pb_slide button_link=\u00bb@ET-DC@eyJkeW5hbWljIjp0cnVlLCJjb250ZW50IjoicG9zdF9saW5rX3VybF9wcm9qZWN0Iiwic2V0dGluZ3MiOnsicG9zdF9pZCI6IjEzODQifX0=@\u00bb _builder_version=\u00bb4.4.6&#8243; _dynamic_attributes=\u00bbbutton_link,link_option_url\u00bb header_text_color=\u00bbrgba(0,0,0,0)\u00bb body_text_color=\u00bbrgba(0,0,0,0)\u00bb background_image=\u00bbhttps:\/\/mrklo.com.ar\/wp-content\/uploads\/2020\/05\/Mister-KLO-Aire-Libre-2019-2.jpeg\u00bb background_enable_image=\u00bbon\u00bb custom_button=\u00bbon\u00bb button_text_size=\u00bb16px\u00bb button_text_color=\u00bbrgba(0,0,0,0)\u00bb button_bg_color=\u00bbrgba(0,0,0,0)\u00bb link_option_url=\u00bb@ET-DC@eyJkeW5hbWljIjp0cnVlLCJjb250ZW50IjoicG9zdF9saW5rX3VybF9wcm9qZWN0Iiwic2V0dGluZ3MiOnsicG9zdF9pZCI6IjEzODQifX0=@\u00bb][\/et_pb_slide][et_pb_slide heading=\u00bbEspect\u00e1culos\u00bb button_text=\u00bbIr\u00bb button_link=\u00bb@ET-DC@eyJkeW5hbWljIjp0cnVlLCJjb250ZW50IjoicG9zdF9saW5rX3VybF9wcm9qZWN0Iiwic2V0dGluZ3MiOnsicG9zdF9pZCI6IjEzODQifX0=@\u00bb _builder_version=\u00bb4.4.6&#8243; _dynamic_attributes=\u00bbbutton_link,link_option_url\u00bb background_image=\u00bbhttps:\/\/mrklo.com.ar\/wp-content\/uploads\/2020\/05\/11807244_535174823306961_3455017590152642919_o-1024&#215;683.jpg\u00bb background_enable_image=\u00bbon\u00bb custom_button=\u00bbon\u00bb button_text_size=\u00bb16px\u00bb link_option_url=\u00bb@ET-DC@eyJkeW5hbWljIjp0cnVlLCJjb250ZW50IjoicG9zdF9saW5rX3VybF9wcm9qZWN0Iiwic2V0dGluZ3MiOnsicG9zdF9pZCI6IjEzODQifX0=@\u00bb]Para realizar en Festivales, Teatros, Anfiteatros, Escuelas, Carpas, Eventos y en escenarios al aire Libre.[\/et_pb_slide][et_pb_slide button_link=\u00bb@ET-DC@eyJkeW5hbWljIjp0cnVlLCJjb250ZW50IjoicG9zdF9saW5rX3VybF9wcm9qZWN0Iiwic2V0dGluZ3MiOnsicG9zdF9pZCI6IjEzNDYifX0=@\u00bb use_bg_overlay=\u00bboff\u00bb use_text_overlay=\u00bboff\u00bb _builder_version=\u00bb4.4.6&#8243; _dynamic_attributes=\u00bbbutton_link,link_option_url\u00bb header_font=\u00bb|300|||||||\u00bb header_text_color=\u00bb#ffffff\u00bb body_text_color=\u00bb#ffffff\u00bb background_image=\u00bbhttps:\/\/mrklo.com.ar\/wp-content\/uploads\/2020\/05\/Mr-KLO-7-1024&#215;667.jpg\u00bb background_enable_image=\u00bbon\u00bb custom_button=\u00bbon\u00bb button_text_size=\u00bb16px\u00bb button_text_color=\u00bb#ffffff\u00bb link_option_url=\u00bb@ET-DC@eyJkeW5hbWljIjp0cnVlLCJjb250ZW50IjoicG9zdF9saW5rX3VybF9wcm9qZWN0Iiwic2V0dGluZ3MiOnsicG9zdF9pZCI6IjEzNDYifX0=@\u00bb][\/et_pb_slide][et_pb_slide heading=\u00bbEspect\u00e1culos\u00bb button_text=\u00bbIr\u00bb button_link=\u00bb@ET-DC@eyJkeW5hbWljIjp0cnVlLCJjb250ZW50IjoicG9zdF9saW5rX3VybF9wcm9qZWN0Iiwic2V0dGluZ3MiOnsicG9zdF9pZCI6IjEzNDYifX0=@\u00bb _builder_version=\u00bb4.4.6&#8243; _dynamic_attributes=\u00bbbutton_link,link_option_url\u00bb header_text_color=\u00bb#ffffff\u00bb body_text_color=\u00bb#ffffff\u00bb background_image=\u00bbhttps:\/\/mrklo.com.ar\/wp-content\/uploads\/2020\/05\/P1130295-1-1024&#215;575.jpg\u00bb background_enable_image=\u00bbon\u00bb custom_button=\u00bbon\u00bb button_text_size=\u00bb16px\u00bb button_text_color=\u00bb#ffffff\u00bb button_bg_color=\u00bbrgba(0,0,0,0)\u00bb link_option_url=\u00bb@ET-DC@eyJkeW5hbWljIjp0cnVlLCJjb250ZW50IjoicG9zdF9saW5rX3VybF9wcm9qZWN0Iiwic2V0dGluZ3MiOnsicG9zdF9pZCI6IjEzNDYifX0=@\u00bb]Para realizar en Festivales, Teatros, Anfiteatros, Escuelas, Carpas, Eventos y en escenarios al aire Libre.[\/et_pb_slide][et_pb_slide button_link=\u00bb@ET-DC@eyJkeW5hbWljIjp0cnVlLCJjb250ZW50IjoicG9zdF9saW5rX3VybF9wcm9qZWN0Iiwic2V0dGluZ3MiOnsicG9zdF9pZCI6IjEzNDYifX0=@\u00bb _builder_version=\u00bb4.4.6&#8243; _dynamic_attributes=\u00bbbutton_link,link_option_url\u00bb background_image=\u00bbhttps:\/\/mrklo.com.ar\/wp-content\/uploads\/2020\/05\/Mister-KLO-Teatro-Invierno-2019-2.jpg\u00bb background_enable_image=\u00bbon\u00bb custom_button=\u00bbon\u00bb button_text_size=\u00bb16px\u00bb link_option_url=\u00bb@ET-DC@eyJkeW5hbWljIjp0cnVlLCJjb250ZW50IjoicG9zdF9saW5rX3VybF9wcm9qZWN0Iiwic2V0dGluZ3MiOnsicG9zdF9pZCI6IjEzNDYifX0=@\u00bb][\/et_pb_slide][et_pb_slide heading=\u00bbEspect\u00e1culos\u00bb button_text=\u00bbIr\u00bb button_link=\u00bb@ET-DC@eyJkeW5hbWljIjp0cnVlLCJjb250ZW50IjoicG9zdF9saW5rX3VybF9wcm9qZWN0Iiwic2V0dGluZ3MiOnsicG9zdF9pZCI6IjEzNDYifX0=@\u00bb _builder_version=\u00bb4.4.6&#8243; _dynamic_attributes=\u00bbbutton_link,link_option_url\u00bb background_image=\u00bbhttps:\/\/mrklo.com.ar\/wp-content\/uploads\/2020\/05\/Mister-KLO-Teatro-Invierno-2019-1.jpg\u00bb background_enable_image=\u00bbon\u00bb custom_button=\u00bbon\u00bb button_text_size=\u00bb16px\u00bb link_option_url=\u00bb@ET-DC@eyJkeW5hbWljIjp0cnVlLCJjb250ZW50IjoicG9zdF9saW5rX3VybF9wcm9qZWN0Iiwic2V0dGluZ3MiOnsicG9zdF9pZCI6IjEzNDYifX0=@\u00bb]Para realizar en Festivales, Teatros, Anfiteatros, Escuelas, Carpas, Eventos y en escenarios al aire Libre.[\/et_pb_slide][et_pb_slide button_text=\u00bbIr\u00bb button_link=\u00bb@ET-DC@eyJkeW5hbWljIjp0cnVlLCJjb250ZW50IjoicG9zdF9saW5rX3VybF9wcm9qZWN0Iiwic2V0dGluZ3MiOnsicG9zdF9pZCI6IjEzODQifX0=@\u00bb _builder_version=\u00bb4.4.6&#8243; _dynamic_attributes=\u00bbbutton_link,link_option_url\u00bb header_text_color=\u00bbrgba(0,0,0,0)\u00bb body_text_color=\u00bbrgba(0,0,0,0)\u00bb background_image=\u00bbhttps:\/\/mrklo.com.ar\/wp-content\/uploads\/2020\/05\/Mister-KLO-Aire-Libre-2019-5.jpg\u00bb background_enable_image=\u00bbon\u00bb custom_button=\u00bbon\u00bb button_text_size=\u00bb16px\u00bb button_text_color=\u00bbrgba(0,0,0,0)\u00bb link_option_url=\u00bb@ET-DC@eyJkeW5hbWljIjp0cnVlLCJjb250ZW50IjoicG9zdF9saW5rX3VybF9wcm9qZWN0Iiwic2V0dGluZ3MiOnsicG9zdF9pZCI6IjEzODQifX0=@\u00bb][\/et_pb_slide][et_pb_slide button_text=\u00bbIr\u00bb button_link=\u00bb@ET-DC@eyJkeW5hbWljIjp0cnVlLCJjb250ZW50IjoicG9zdF9saW5rX3VybF9wcm9qZWN0Iiwic2V0dGluZ3MiOnsicG9zdF9pZCI6IjEzODQifX0=@\u00bb _builder_version=\u00bb4.4.6&#8243; _dynamic_attributes=\u00bbbutton_link,link_option_url\u00bb header_text_color=\u00bbrgba(0,0,0,0)\u00bb body_text_color=\u00bbrgba(0,0,0,0)\u00bb background_image=\u00bbhttps:\/\/mrklo.com.ar\/wp-content\/uploads\/2020\/05\/Mister-KLO-Aire-Libre-2019-5.png\u00bb background_enable_image=\u00bbon\u00bb custom_button=\u00bbon\u00bb button_text_size=\u00bb16px\u00bb button_text_color=\u00bbrgba(0,0,0,0)\u00bb link_option_url=\u00bb@ET-DC@eyJkeW5hbWljIjp0cnVlLCJjb250ZW50IjoicG9zdF9saW5rX3VybF9wcm9qZWN0Iiwic2V0dGluZ3MiOnsicG9zdF9pZCI6IjEzODQifX0=@\u00bb][\/et_pb_slide][\/et_pb_slider][\/et_pb_column][\/et_pb_row][\/et_pb_section][et_pb_section fb_built=\u00bb1&#8243; _builder_version=\u00bb4.4.6&#8243; background_color=\u00bb#000000&#8243; min_height=\u00bb423px\u00bb custom_margin=\u00bb38px|||||\u00bb custom_padding=\u00bb0px||0px|||\u00bb][et_pb_row column_structure=\u00bb1_2,1_2&#8243; module_id=\u00bbcontacto\u00bb _builder_version=\u00bb4.4.6&#8243;][et_pb_column type=\u00bb1_2&#8243; _builder_version=\u00bb4.4.6&#8243;][et_pb_blurb title=\u00bbFestejos de Cumplea\u00f1os\u00bb url=\u00bb@ET-DC@eyJkeW5hbWljIjp0cnVlLCJjb250ZW50IjoicG9zdF9saW5rX3VybF9wcm9qZWN0Iiwic2V0dGluZ3MiOnsicG9zdF9pZCI6IjIxNDEifX0=@\u00bb image=\u00bbhttps:\/\/mrklo.com.ar\/wp-content\/uploads\/2022\/03\/IMG-20201112-WA0017.jpg\u00bb _builder_version=\u00bb4.4.6&#8243; _dynamic_attributes=\u00bburl\u00bb background_layout=\u00bbdark\u00bb custom_padding=\u00bb||0px|||\u00bb text_shadow_style=\u00bbpreset5&#8243;]<span style=\"color: #ffcc00;\"><strong>Mir\u00e1 la propuesta de M\u00edster KLO para Cumplea\u00f1os<\/strong><\/span>[\/et_pb_blurb][\/et_pb_column][et_pb_column type=\u00bb1_2&#8243; _builder_version=\u00bb4.4.6&#8243;][et_pb_divider _builder_version=\u00bb4.4.6&#8243;][\/et_pb_divider][et_pb_text _builder_version=\u00bb4.4.6&#8243;]<\/p>\n<h2 style=\"text-align: center;\"><span style=\"color: #999999;\">En redes sociales.<\/span><\/h2>\n<p>[\/et_pb_text][et_pb_social_media_follow follow_button=\u00bbon\u00bb use_icon_font_size=\u00bbon\u00bb icon_font_size=\u00bb23px\u00bb _builder_version=\u00bb4.4.6&#8243; background_enable_color=\u00bboff\u00bb custom_button=\u00bbon\u00bb button_text_size=\u00bb10px\u00bb text_orientation=\u00bbcenter\u00bb background_layout=\u00bbdark\u00bb width=\u00bb100%\u00bb module_alignment=\u00bbcenter\u00bb custom_padding=\u00bb|0px||||\u00bb animation_style=\u00bbflip\u00bb animation_direction=\u00bbtop\u00bb box_shadow_style=\u00bbpreset6&#8243;][et_pb_social_media_follow_network social_network=\u00bbfacebook\u00bb url=\u00bbhttps:\/\/www.facebook.com\/musicalmalabar\/\u00bb _builder_version=\u00bb4.4.6&#8243; background_color=\u00bb#3b5998&#8243; follow_button=\u00bbon\u00bb url_new_window=\u00bbon\u00bb]facebook[\/et_pb_social_media_follow_network][et_pb_social_media_follow_network social_network=\u00bbinstagram\u00bb url=\u00bbhttps:\/\/www.instagram.com\/mister_klo\/\u00bb _builder_version=\u00bb4.4.6&#8243; background_color=\u00bb#ea2c59&#8243; follow_button=\u00bbon\u00bb url_new_window=\u00bbon\u00bb]instagram[\/et_pb_social_media_follow_network][et_pb_social_media_follow_network social_network=\u00bbyoutube\u00bb url=\u00bbhttps:\/\/www.youtube.com\/user\/Mrklosinthelonious\/\u00bb _builder_version=\u00bb4.4.6&#8243; background_color=\u00bb#a82400&#8243; follow_button=\u00bbon\u00bb url_new_window=\u00bbon\u00bb]youtube[\/et_pb_social_media_follow_network][et_pb_social_media_follow_network social_network=\u00bbvimeo\u00bb url=\u00bbhttps:\/\/vimeo.com\/misterklo\u00bb _builder_version=\u00bb4.4.6&#8243; background_color=\u00bb#45bbff\u00bb follow_button=\u00bbon\u00bb url_new_window=\u00bbon\u00bb]vimeo[\/et_pb_social_media_follow_network][\/et_pb_social_media_follow][et_pb_divider _builder_version=\u00bb4.4.6&#8243; min_height=\u00bb0px\u00bb][\/et_pb_divider][et_pb_text _builder_version=\u00bb4.4.6&#8243;]<\/p>\n<h2 style=\"text-align: center;\"><span style=\"color: #999999;\">Consultas y mensajes.<br \/>\n<\/span><\/h2>\n<p>[\/et_pb_text][et_pb_button button_url=\u00bbhttps:\/\/t.me\/Malabares_Mister_Klo\u00bb url_new_window=\u00bbon\u00bb button_text=\u00bbContactar v\u00eda TELEGRAM\u00bb button_alignment=\u00bbcenter\u00bb _builder_version=\u00bb4.4.6&#8243; custom_button=\u00bbon\u00bb button_text_size=\u00bb20px\u00bb button_text_color=\u00bb#0c71c3&#8243; button_bg_color=\u00bbrgba(65,136,193,0.43)\u00bb button_font=\u00bb|600|||||||\u00bb button_icon=\u00bb%%86%%\u00bb animation_style=\u00bbzoom\u00bb][\/et_pb_button][et_pb_button button_url=\u00bbhttps:\/\/wa.me\/5491164972682&#8243; url_new_window=\u00bbon\u00bb button_text=\u00bbContactar v\u00eda WhatsApp\u00bb button_alignment=\u00bbcenter\u00bb disabled_on=\u00bboff|off|off\u00bb admin_label=\u00bbBot\u00f3n\u00bb _builder_version=\u00bb4.4.6&#8243; custom_button=\u00bbon\u00bb button_text_size=\u00bb20px\u00bb button_text_color=\u00bb#edf000&#8243; button_bg_color=\u00bbrgba(104,216,0,0.68)\u00bb button_border_width=\u00bb2px\u00bb button_border_color=\u00bb#7cda24&#8243; button_icon=\u00bb%%264%%\u00bb animation_style=\u00bbzoom\u00bb][\/et_pb_button][et_pb_text admin_label=\u00bbTexto\u00bb _builder_version=\u00bb4.4.6&#8243; background_color=\u00bbrgba(0,0,0,0.48)\u00bb min_height=\u00bb117px\u00bb custom_margin=\u00bb-23px|||||\u00bb custom_padding=\u00bb||0px|||\u00bb]<\/p>\n<h3 style=\"text-align: center;\"><span style=\"color: #ffff00;\"><a href=\"mailto:malabaresmisterklo@gmail.com\" style=\"color: #ffff00;\"><\/a><\/span><\/h3>\n<h3 style=\"text-align: center;\"><span style=\"color: #ffff00; font-size: small;\"><a href=\"mailto:malabaresmisterklo@gmail.com\" style=\"color: #ffff00;\">Billetera electr\u00f3nica<\/a><\/span><\/h3>\n<h2 style=\"text-align: center;\"><span style=\"color: #ffff00;\"><a href=\"mailto:malabaresmisterklo@gmail.com\" style=\"color: #ffff00;\">ALIAS: mister.klo <\/a><\/span><\/h2>\n<h4 style=\"text-align: center;\"><span style=\"color: #ffff00;\">e-mail: malabaresmisterklo@gmail.com<\/span><\/h4>\n<h3 style=\"text-align: center;\"><span style=\"color: #ffff00;\">Tel: +549 11 64972682<\/span><\/h3>\n<h4 style=\"text-align: center;\"><span style=\"color: #ffff00;\">Buenos Aires<\/span><\/h4>\n<h4 style=\"text-align: center;\"><span style=\"color: #ffff00;\">Argentina<\/span><\/h4>\n<p>[\/et_pb_text][\/et_pb_column][\/et_pb_row][et_pb_row _builder_version=\u00bb4.4.6&#8243;][et_pb_column type=\u00bb4_4&#8243; _builder_version=\u00bb4.4.6&#8243;][et_pb_text _builder_version=\u00bb4.4.6&#8243;]<\/p>\n<h2 style=\"text-align: center;\"><span style=\"color: #999999;\">Ya trabajamos con todos estos municipios y empresas, entre otras&#8230;<\/span><\/h2>\n<p>[\/et_pb_text][\/et_pb_column][\/et_pb_row][\/et_pb_section][et_pb_section fb_built=\u00bb1&#8243; fullwidth=\u00bbon\u00bb _builder_version=\u00bb4.4.6&#8243;][et_pb_fullwidth_image src=\u00bbhttps:\/\/mrklo.com.ar\/wp-content\/uploads\/2020\/05\/Empresas-que-trabajan-con-mister-KLO.png\u00bb title_text=\u00bbEmpresas que trabajan con mister KLO\u00bb _builder_version=\u00bb4.4.6&#8243; min_height=\u00bb205.5px\u00bb custom_margin=\u00bb||-1px|||\u00bb custom_padding=\u00bb0px||0px|||\u00bb][\/et_pb_fullwidth_image][\/et_pb_section]<\/p>\n","protected":false},"excerpt":{"rendered":"<p>[et_pb_section fb_built=\u00bb1&#8243; fullwidth=\u00bbon\u00bb admin_label=\u00bbSecci\u00f3n\u00bb _builder_version=\u00bb4.4.6&#8243;][\/et_pb_section][et_pb_section fb_built=\u00bb1&#8243; admin_label=\u00bbSecci\u00f3n\u00bb _builder_version=\u00bb4.4.6&#8243; background_image=\u00bbhttps:\/\/mrklo.com.ar\/wp-content\/uploads\/2020\/05\/53732002_414554982673007_424466850651759564_n.jpg\u00bb parallax=\u00bbon\u00bb min_height=\u00bb1342px\u00bb custom_margin=\u00bb-133px||-217px|||\u00bb custom_padding=\u00bb71px||0px|||\u00bb animation_style=\u00bbfade\u00bb][et_pb_row column_structure=\u00bb3_5,2_5&#8243; _builder_version=\u00bb4.4.6&#8243; min_height=\u00bb391px\u00bb custom_margin=\u00bb89px|auto|4px|auto|false|false\u00bb custom_padding=\u00bb0px||353px|||\u00bb][et_pb_column type=\u00bb3_5&#8243; _builder_version=\u00bb4.4.6&#8243;][et_pb_text _builder_version=\u00bb4.4.6&#8243; custom_padding=\u00bb107px|||||\u00bb] Artista callejero \/ Payaso \/ Actor \/ Malabarista \/ Bailar\u00edn Creador de Espect\u00e1culos Teatrales de Circo. Director de Espect\u00e1culos Infantiles Docente de Actuaci\u00f3n teatral \/ Instructor de Tango Danza Productor Independiente[\/et_pb_text][et_pb_image src=\u00bbhttps:\/\/mrklo.com.ar\/wp-content\/uploads\/2020\/05\/logo5-300&#215;212.png\u00bb [&hellip;]<\/p>\n","protected":false},"author":2,"featured_media":976,"parent":0,"menu_order":0,"comment_status":"closed","ping_status":"closed","template":"","meta":{"_et_pb_use_builder":"on","_et_pb_old_content":"","_et_gb_content_width":"","om_disable_all_campaigns":false,"_monsterinsights_skip_tracking":false,"_monsterinsights_sitenote_active":false,"_monsterinsights_sitenote_note":"","_monsterinsights_sitenote_category":0,"_uf_show_specific_survey":0,"_uf_disable_surveys":false,"ngg_post_thumbnail":0,"footnotes":""},"class_list":["post-925","page","type-page","status-publish","has-post-thumbnail","hentry"],"aioseo_notices":[],"_links":{"self":[{"href":"https:\/\/mrklo.com.ar\/index.php?rest_route=\/wp\/v2\/pages\/925","targetHints":{"allow":["GET"]}}],"collection":[{"href":"https:\/\/mrklo.com.ar\/index.php?rest_route=\/wp\/v2\/pages"}],"about":[{"href":"https:\/\/mrklo.com.ar\/index.php?rest_route=\/wp\/v2\/types\/page"}],"author":[{"embeddable":true,"href":"https:\/\/mrklo.com.ar\/index.php?rest_route=\/wp\/v2\/users\/2"}],"replies":[{"embeddable":true,"href":"https:\/\/mrklo.com.ar\/index.php?rest_route=%2Fwp%2Fv2%2Fcomments&post=925"}],"version-history":[{"count":131,"href":"https:\/\/mrklo.com.ar\/index.php?rest_route=\/wp\/v2\/pages\/925\/revisions"}],"predecessor-version":[{"id":2557,"href":"https:\/\/mrklo.com.ar\/index.php?rest_route=\/wp\/v2\/pages\/925\/revisions\/2557"}],"wp:featuredmedia":[{"embeddable":true,"href":"https:\/\/mrklo.com.ar\/index.php?rest_route=\/wp\/v2\/media\/976"}],"wp:attachment":[{"href":"https:\/\/mrklo.com.ar\/index.php?rest_route=%2Fwp%2Fv2%2Fmedia&parent=925"}],"curies":[{"name":"wp","href":"https:\/\/api.w.org\/{rel}","templated":true}]}}